[INFO] cloning repository https://github.com/archer884/num_filter
[INFO] running `Command { std: "git" "-c" "credential.helper=" "-c" "credential.helper=/workspace/cargo-home/bin/git-credential-null" "clone" "--bare" "https://github.com/archer884/num_filter" "/workspace/cache/git-repos/https%3A%2F%2Fgithub.com%2Farcher884%2Fnum_filter", kill_on_drop: false }`
[INFO] [stderr] Cloning into bare repository '/workspace/cache/git-repos/https%3A%2F%2Fgithub.com%2Farcher884%2Fnum_filter'...
[INFO] running `Command { std: "git" "rev-parse" "HEAD", kill_on_drop: false }`
[INFO] [stdout] 915c323eccb394f2b4cfdc6c0834791172c3102a
[INFO] checking archer884/num_filter against master#af3c6e733a40e671550e0f0f5aeecaa13772ba56 for pr-74989
[INFO] running `Command { std: "git" "clone" "/workspace/cache/git-repos/https%3A%2F%2Fgithub.com%2Farcher884%2Fnum_filter" "/workspace/builds/worker-7/source", kill_on_drop: false }`
[INFO] [stderr] Cloning into '/workspace/builds/worker-7/source'...
[INFO] [stderr] done.
[INFO] validating manifest of git repo https://github.com/archer884/num_filter on toolchain af3c6e733a40e671550e0f0f5aeecaa13772ba56
[INFO] running `Command { std: "/workspace/cargo-home/bin/cargo" "+af3c6e733a40e671550e0f0f5aeecaa13772ba56" "read-manifest" "--manifest-path" "Cargo.toml", kill_on_drop: false }`
[INFO] started tweaking git repo https://github.com/archer884/num_filter
[INFO] finished tweaking git repo https://github.com/archer884/num_filter
[INFO] tweaked toml for git repo https://github.com/archer884/num_filter written to /workspace/builds/worker-7/source/Cargo.toml
[INFO] crate git repo https://github.com/archer884/num_filter already has a lockfile, it will not be regenerated
[INFO] running `Command { std: "/workspace/cargo-home/bin/cargo" "+af3c6e733a40e671550e0f0f5aeecaa13772ba56" "fetch" "--locked" "--manifest-path" "Cargo.toml", kill_on_drop: false }`
[INFO] [stderr] error: the lock file /workspace/builds/worker-7/source/Cargo.lock needs to be updated but --locked was passed to prevent this
[INFO] [stderr] If you want to try to generate the lock file without accessing the network, use the --offline flag.
[INFO] the lockfile is outdated, regenerating it
[INFO] running `Command { std: "/workspace/cargo-home/bin/cargo" "+af3c6e733a40e671550e0f0f5aeecaa13772ba56" "generate-lockfile" "--manifest-path" "Cargo.toml" "-Zno-index-update", kill_on_drop: false }`
[INFO] running `Command { std: "/workspace/cargo-home/bin/cargo" "+af3c6e733a40e671550e0f0f5aeecaa13772ba56" "fetch" "--locked" "--manifest-path" "Cargo.toml", kill_on_drop: false }`
[INFO] running `Command { std: "docker" "create" "-v" "/var/lib/crater-agent-workspace/builds/worker-7/target:/opt/rustwide/target:rw,Z" "-v" "/var/lib/crater-agent-workspace/builds/worker-7/source:/opt/rustwide/workdir:ro,Z" "-v" "/var/lib/crater-agent-workspace/cargo-home:/opt/rustwide/cargo-home:ro,Z" "-v" "/var/lib/crater-agent-workspace/rustup-home:/opt/rustwide/rustup-home:ro,Z" "-e" "SOURCE_DIR=/opt/rustwide/workdir" "-e" "CARGO_TARGET_DIR=/opt/rustwide/target" "-e" "CARGO_HOME=/opt/rustwide/cargo-home" "-e" "RUSTUP_HOME=/opt/rustwide/rustup-home" "-w" "/opt/rustwide/workdir" "-m" "1610612736" "--user" "0:0" "--network" "none" "rustops/crates-build-env@sha256:d92eaeed33fa75130ca1ee6c8a01d1ffb62bac859dfdfb3450e3e5d1c0146529" "/opt/rustwide/cargo-home/bin/cargo" "+af3c6e733a40e671550e0f0f5aeecaa13772ba56" "metadata" "--no-deps" "--format-version=1", kill_on_drop: false }`
[INFO] [stdout] fc0a8b014720f55cad0c45c42210c572b86b4553f70b920467f75eb7ee8af5f8
[INFO] [stderr] WARNING: Your kernel does not support swap limit capabilities or the cgroup is not mounted. Memory limited without swap.
[INFO] running `Command { std: "docker" "start" "-a" "fc0a8b014720f55cad0c45c42210c572b86b4553f70b920467f75eb7ee8af5f8", kill_on_drop: false }`
[INFO] running `Command { std: "docker" "inspect" "fc0a8b014720f55cad0c45c42210c572b86b4553f70b920467f75eb7ee8af5f8", kill_on_drop: false }`
[INFO] running `Command { std: "docker" "rm" "-f" "fc0a8b014720f55cad0c45c42210c572b86b4553f70b920467f75eb7ee8af5f8", kill_on_drop: false }`
[INFO] [stdout] fc0a8b014720f55cad0c45c42210c572b86b4553f70b920467f75eb7ee8af5f8
[INFO] running `Command { std: "docker" "create" "-v" "/var/lib/crater-agent-workspace/builds/worker-7/target:/opt/rustwide/target:rw,Z" "-v" "/var/lib/crater-agent-workspace/builds/worker-7/source:/opt/rustwide/workdir:ro,Z" "-v" "/var/lib/crater-agent-workspace/cargo-home:/opt/rustwide/cargo-home:ro,Z" "-v" "/var/lib/crater-agent-workspace/rustup-home:/opt/rustwide/rustup-home:ro,Z" "-e" "SOURCE_DIR=/opt/rustwide/workdir" "-e" "CARGO_TARGET_DIR=/opt/rustwide/target" "-e" "CARGO_INCREMENTAL=0" "-e" "RUST_BACKTRACE=full" "-e" "RUSTFLAGS=--cap-lints=forbid" "-e" "CARGO_HOME=/opt/rustwide/cargo-home" "-e" "RUSTUP_HOME=/opt/rustwide/rustup-home" "-w" "/opt/rustwide/workdir" "-m" "1610612736" "--user" "0:0" "--network" "none" "rustops/crates-build-env@sha256:d92eaeed33fa75130ca1ee6c8a01d1ffb62bac859dfdfb3450e3e5d1c0146529" "/opt/rustwide/cargo-home/bin/cargo" "+af3c6e733a40e671550e0f0f5aeecaa13772ba56" "check" "--frozen" "--all" "--all-targets" "--message-format=json", kill_on_drop: false }`
[INFO] [stdout] 9ee198309ca86c1e3202ec669063399cd53127a91b1690849efeeb8246661c5d
[INFO] [stderr] WARNING: Your kernel does not support swap limit capabilities or the cgroup is not mounted. Memory limited without swap.
[INFO] running `Command { std: "docker" "start" "-a" "9ee198309ca86c1e3202ec669063399cd53127a91b1690849efeeb8246661c5d", kill_on_drop: false }`
[INFO] [stderr]    Compiling getrandom v0.1.15
[INFO] [stderr]     Checking cfg-if v0.1.10
[INFO] [stderr]     Checking ppv-lite86 v0.2.9
[INFO] [stderr]     Checking rand_core v0.5.1
[INFO] [stderr]     Checking rand_chacha v0.2.2
[INFO] [stderr]     Checking rand v0.7.3
[INFO] [stderr]     Checking num_filter v0.1.0 (/opt/rustwide/workdir)
[INFO] [stdout] error[E0432]: unresolved imports `rand::distributions::IndependentSample`, `rand::distributions::Range`
[INFO] [stdout]  --> src/main.rs:2:28
[INFO] [stdout]   |
[INFO] [stdout] 2 | use rand::distributions::{ IndependentSample, Range };
[INFO] [stdout]   |                            ^^^^^^^^^^^^^^^^^  ^^^^^ no `Range` in `distributions`
[INFO] [stdout]   |                            |
[INFO] [stdout]   |                            no `IndependentSample` in `distributions`
[INFO] [stdout] 
[INFO] [stdout] 
[INFO] [stderr] error: could not compile `num_filter`.
[INFO] [stdout] error[E0432]: unresolved import `rand::Rand`
[INFO] [stdout]  --> src/main.rs:3:13
[INFO] [stdout]   |
[INFO] [stdout] 3 | use rand::{ Rand };
[INFO] [stdout]   |             ^^^^ no `Rand` in the root
[INFO] [stdout] 
[INFO] [stdout] 
[INFO] [stderr] 
[INFO] [stdout] warning: trait objects without an explicit `dyn` are deprecated
[INFO] [stdout]   --> src/main.rs:16:70
[INFO] [stdout]    |
[INFO] [stdout] 16 | fn random_series<'f, T: Rand, F: FnMut() -> T + 'f>(mut f: F) -> Box<Iterator<Item=T> + 'f> {
[INFO] [stdout]    |                                                                      ^^^^^^^^^^^^^^^^^^^^^ help: use `dyn`: `dyn Iterator<Item=T> + 'f`
[INFO] [stdout]    |
[INFO] [stdout]    = note: `#[warn(bare_trait_objects)]` on by default
[INFO] [stdout] 
[INFO] [stdout] 
[INFO] [stderr] To learn more, run the command again with --verbose.
[INFO] [stdout] error: aborting due to 2 previous errors; 1 warning emitted
[INFO] [stdout] 
[INFO] [stdout] 
[INFO] [stdout] For more information about this error, try `rustc --explain E0432`.
[INFO] [stdout] 
[INFO] [stderr] warning: build failed, waiting for other jobs to finish...
[INFO] [stdout] error[E0432]: unresolved imports `rand::distributions::IndependentSample`, `rand::distributions::Range`
[INFO] [stdout]  --> src/main.rs:2:28
[INFO] [stdout]   |
[INFO] [stdout] 2 | use rand::distributions::{ IndependentSample, Range };
[INFO] [stdout]   |                            ^^^^^^^^^^^^^^^^^  ^^^^^ no `Range` in `distributions`
[INFO] [stdout]   |                            |
[INFO] [stdout]   |                            no `IndependentSample` in `distributions`
[INFO] [stdout] 
[INFO] [stdout] 
[INFO] [stdout] error[E0432]: unresolved import `rand::Rand`
[INFO] [stdout]  --> src/main.rs:3:13
[INFO] [stdout]   |
[INFO] [stdout] 3 | use rand::{ Rand };
[INFO] [stdout]   |             ^^^^ no `Rand` in the root
[INFO] [stdout] 
[INFO] [stdout] 
[INFO] [stdout] warning: trait objects without an explicit `dyn` are deprecated
[INFO] [stdout]   --> src/main.rs:16:70
[INFO] [stdout]    |
[INFO] [stdout] 16 | fn random_series<'f, T: Rand, F: FnMut() -> T + 'f>(mut f: F) -> Box<Iterator<Item=T> + 'f> {
[INFO] [stdout]    |                                                                      ^^^^^^^^^^^^^^^^^^^^^ help: use `dyn`: `dyn Iterator<Item=T> + 'f`
[INFO] [stdout]    |
[INFO] [stdout]    = note: `#[warn(bare_trait_objects)]` on by default
[INFO] [stdout] 
[INFO] [stdout] 
[INFO] [stdout] error: aborting due to 2 previous errors; 1 warning emitted
[INFO] [stdout] 
[INFO] [stdout] 
[INFO] [stdout] For more information about this error, try `rustc --explain E0432`.
[INFO] [stdout] 
[INFO] [stderr] error: build failed
[INFO] running `Command { std: "docker" "inspect" "9ee198309ca86c1e3202ec669063399cd53127a91b1690849efeeb8246661c5d", kill_on_drop: false }`
[INFO] running `Command { std: "docker" "rm" "-f" "9ee198309ca86c1e3202ec669063399cd53127a91b1690849efeeb8246661c5d", kill_on_drop: false }`
[INFO] [stdout] 9ee198309ca86c1e3202ec669063399cd53127a91b1690849efeeb8246661c5d
